r) = r**2 - 19*r + 78. Let l be k(14). Let w be 6 - (15/(-5) + l). Let p(t) = 20*t - 5. Let d(z) = -41*z + 11. Let h(f) = 4*d(f) + 9*p(f). Give h(w).
15
Suppose v - 5*p + 3*p - 11 = 0, -v + 11 = -4*p. Let n(j) = 2*j - 18. Calculate n(v).
4
Let h be 6/(-3) + 28*1. Let a be 8/(-44) - h/(-22). Let d(x) be the third derivative of x**4/24 - x**3/6 + 2905*x**2 - 2*x. Calculate d(a).
0
Suppose s + 1 = 3. Let z(x) = 13 + 0*x**2 + 5*x**2 - 3*x**2 - x**s. Let j be 0/(8 + -7 - 0/5). Give z(j).
13
Let g(o) = -3 + 254*o - 4*o**2 + 3 + o**3 - 246*o + 0. Determine g(4).
32
Let r be (4/(-5))/(136/98260). Let m = r - -572. Let y(g) be the first derivative of g**3/3 + 7*g**2/2 + 5*g + 1. Determine y(m).
-1
Let r be (7/(140/48))/(-2*(-8)/(-40)). Let t(j) = j + 2. Calculate t(r).
-4
Suppose 31*i - 20*i = 44. Suppose 5*j - 5 = -5*n, 0 = -2*n + i*j - 1 + 15. Let r(l) = l**3 - 2*l**2 + 4*l - 4. What is r(n)?
17
Let q(m) = 6 - m**3 + 3 - 3*m + 5*m**2 - 4. Let c(p) = p**2 - 2*p - 4. Let h be c(-2). Suppose h*z = -6*z + 40. Give q(z).
9
Let p(v) = -v**2 - 29*v - 61. Suppose -10*j - 8878 = -8618. Determine p(j).
17
Let s = -252 + 228. Let g be 0 + s/(-10) + 33/55. Let y(m) = -m**3 + 3*m**2 - m + 1. What is y(g)?
-2
Let b be 4/6 - (-25)/(-15). Let w(j) = -4*j. Let q(u) = 3*u. Let n(s) = -3*q(s) - 2*w(s). Give n(b).
1
Let q(t) be the second derivative of -t**5/20 + t**4/2 + t**3 - t**2/2 - t. Let a be q(7). Let g(o) = 113459*o**2 + 14 + 11 - 9*o - 36 - 113460*o**2. Give g(a).
-3
Let l(d) be the second derivative of -5*d + 1/2*d**2 - 1/12*d**4 - 1/6*d**3 - 4. Calculate l(-3).
-5
Let t(p) = -5*p + 9. Suppose 6*u + 10554 = 10632. Give t(u).
-56
Let l(g) = 7*g**3 + 5*g**2 + 9*g - 5. Let c(h) = 3*h**3 + 3*h**2 + 4*h - 3. Let j = -21 - -55. Let n = 30 - j. Let s(d) = n*l(d) + 9*c(d). Calculate s(7).
-7
Let u(m) = m**3 + 15*m**2 - 32*m + 34. Let n be u(-17). Suppose -y + 5 = n, -2*s + 5*y - 60 = -25. Let b(f) = f + 1. Give b(s).
-4
Let x(r) = 307*r**2 + 34*r - 43. Let p(d) = 97*d**2 + 11*d - 14. Let s(y) = -19*p(y) + 6*x(y). Determine s(-5).
8
Let q(g) = 10*g + 278. Let o(i) = -15*i - 270. Let u(c) = 3*o(c) + 4*q(c). Give u(58).
12
Let x(w) be the first derivative of w**3/3 - 2*w**2 - 166*w - 5858. Calculate x(15).
-1
Let b(v) = -5*v**2 + 6*v - 2. Let j(a) = -a. Let n be (-1*(-30)/(-25))/((-8)/(-20)). Let k(o) = n*j(o) - b(o). What is k(2)?
16
Let b(l) = 7*l - 103. Let t be b(19). Let c be -6 + 12/t*15. Let i(g) = g**3 - g - 15. Give i(c).
-15
Let d(k) be the first derivative of k**5/40 + 9*k**4/8 + 116*k**3/3 - 156. Let j(y) be the third derivative of d(y). Give j(-7).
6
Suppose -4*d - 16 = 0, -5*x + 8*x = -2*d + 4. Let q(v) = 9 + 0*v**2 - x + 7*v - v + v**2. Suppose 3*c = m - 11, -10 = -4*c + 6*c. Determine q(m).
-3
Let y(u) = 10*u + 61. Let s(k) = 21*k + 106. Let g(h) = -4*s(h) + 7*y(h). Let x = -23 - -25. Give g(x).
-25
Let x(a) = -37*a**2 - 34*a - 1. Let j(q) = -105*q**2 - 98*q - 4. Let n(c) = 6*j(c) - 17*x(c). Suppose 0*t + 3*y = -2*t + 3, 3*t + 2*y + 8 = 0. Give n(t).
17
Let i be (4 + (0 - 1))/(3/65). Suppose -5 = 20*h - i. Let f(b) = 11*b**3 - 12*b**3 + 2*b**h - 7*b**2 + 2. Determine f(7).
2
Let l(h) = 2*h**3 + 23 - 2*h - 8 - h**3 + 0*h**3 + 10*h**2 - 2*h**3. Let i be (-3 + (-17)/(-4))*8. Determine l(i).
-5
Suppose -61*o + 216 = -150. Let p(l) be the third derivative of l**6/120 - l**5/10 + l**4/8 + l**3/6 - 3*l**2 + 5. Calculate p(o).
19
Let m(k) be the second derivative of k**5/20 + 7*k**4/12 + 7*k**3/6 + 2*k**2 - 27*k. Let n = 697 + -702. What is m(n)?
19
Let o(k) = -2*k - 31. Let i be o(-15). Let z be i/(4/14 - 10/(-14)). Let y be (-28)/4*1 - (z - -1). Let m(l) = l**2 + 6*l - 8. Give m(y).
-1
Let j(q) = q**3 - 5*q**2 + 22*q - 109. Let s be j(5). Let d(a) be the second derivative of -5*a**5/4 - a**2/2 - 2*a. What is d(s)?
-26
Suppose 18*q - 147 = 3975. Let g = -227 + q. Let k(y) = -13*y - 1. Calculate k(g).
-27
Let o(l) be the third derivative of l**3 + 0 - 23*l**2 + 1/12*l**4 + 0*l. Let h be (-8)/12*42/4. Calculate o(h).
-8
Let c be 9*(-5)/(-2)*304/(-24). Let f = c - -278. Let b(p) = -8*p - 7 + 1 - p**2 - 4. Calculate b(f).
-3
Let x be (-12)/(-8)*50/3. Let j = 26 - x. Suppose -z = 2*c - j + 2, 4*c = z + 1. Let h(n) = -n - 32. What is h(c)?
-32
Let g = -524 + 541. Let t = g - 21. Let z(r) be the first derivative of r**4/4 + 4*r**3/3 + r**2/2 + r + 1. What is z(t)?
-3
Let h(s) = s**2 - 5*s - 5. Suppose 5*w - 757 = z - 67, -z = w - 144. Let g = -133 + w. Calculate h(g).
1
Let r(k) = -5*k**2 - 3017*k - 3121*k - 4 + k**3 + 6126*k. Give r(7).
10
Let q(y) be the third derivative of -y**4/6 - y**3 + 3113*y**2. Let x be 27/(-5) - (-4)/10. Give q(x).
14
Let i(r) be the third derivative of -r**6/120 - 11*r**5/60 - r**4/2 + 7*r**3/2 + r**2 - 109*r - 4. Calculate i(-10).
41
Let p(s) = s - 1. Let g(f) = -f + 24. Let u be g(16). Let i(k) = 30*k**2 - 31*k**2 - u + 2 + 30*k. Let x be i(30). Calculate p(x).
-7
Suppose -n + 33 + 76 = 4*f, 0 = f + 4*n - 16. Suppose -26*t = -f*t + 14. Let d be (-2)/t - (44/(-7) - -5). Let m(j) = -14*j**2 + j. Calculate m(d).
-13
Let w(b) = b**3 + 4*b**2 + b + 1. Suppose 2*v = -5*a - 6, -a + 2 = 2*v - 0*a. Let i(k) = -k - 51 + 114 - v*k - 49. Let j be i(6). What is w(j)?
-3
Suppose 3*z = -2*m + 6*z - 32, 0 = m - 4*z + 26. Let k be 27/45 + 1/(m/6). Let f(j) = -j - 11. Calculate f(k).
-11
Let w(m) be the second derivative of 0*m**3 + 1/12*m**4 - 44*m - 7/2*m**2 + 0. Give w(0).
-7
Suppose 134*t = -78*t + 848. Let r(v) = -6*v + 9. Let l(z) = 13*z - 19. Let y(j) = 4*l(j) + 9*r(j). Calculate y(t).
-3
Let q(s) = -s**3 - 12*s**2 - 20*s - 5. Let g(p) = 2*p**3 + 23*p**2 + 41*p + 11. Let x(u) = 4*g(u) + 9*q(u). Determine x(-15).
14
Let g(v) = -5*v**2 + 15*v + 21. Suppose -13962*u = -13914*u + 240. Give g(u).
-179
Let q(i) be the second derivative of 2*i**3/3 + 21*i**2/2 + 17*i + 181. Give q(-4).
5
Suppose 0 = 12*c + 11*c - 4163. Let a = c + -200. Let f(d) = -d**2 - 20*d - 11. Determine f(a).
8
Let p(m) = -2*m + 12. Let w = -164 - -191. Let v = w - 21. Give p(v).
0
Let n(f) = -6*f**2 - 2*f + 1. Let p = -20 + 2. Suppose -d = -10*d + 27. Let m be 1/(-3) + d/p*-8. Give n(m).
-7
Let l(m) = -11*m**2 - 8*m**2 - m**3 - 1 + 15*m**2. Suppose 0 = 3*j - 4*f + 34, -2*j + 22 = -3*j - 4*f. Let y be 90/(-35) + 6/j. Give l(y).
-10
Let m(r) = -r**2 + 2 + 15*r + 3 - 7*r. Suppose i = 4*b - 8 - 17, -b + 3*i = 2. Give m(b).
12
Let y(w) = -5*w + 102. Let i be y(15). Let c(r) = -5*r - 17. Let p(n) = 66*n + 225. Let o(q) = i*c(q) + 2*p(q). Give o(9).
-36
Let c = -383 + 388. Suppose -3*h + 23 = -5*z, -4*h = -h + c*z + 17. Let d(p) = 33*p**3 - p**2 + 1. Calculate d(h).
33
Let p(i) = 11*i + 11. Let f(v) = 7*v + 5. Let w(g) = 7*f(g) - 4*p(g). Calculate w(3).
6
Let j(x) = -7*x - 1. Let u(f) = 30*f + 4. Let w = -44 - -53. Let k(r) = w*j(r) + 2*u(r). Calculate k(9).
-28
Suppose -232*b = -237*b + 3885. Let v = b - 774. Let j(r) be the first derivative of -r**3/3 + 2*r**2 - 4*r + 1. What is j(v)?
-1
Let s(x) = 4*x - 77. Let b(v) = -2*v + 41. Let i(a) = -7*b(a) - 4*s(a). Suppose 27*j = 36*j. Give i(j).
21
Let p(w) = -54*w + 151. Suppose h - 3*r + 9 = 0, 5*h - 12*r + 13*r = 19. Calculate p(h).
-11
Suppose -21 = -k - 4*l, 2*k + 17 = -k + 4*l. Let u(b) be the first derivative of -13/2*b**2 + b + k. What is u(-1)?
14
Let n = -3078 + 3072. Let i(x) be the third derivative of -x**6/120 - x**5/10 - x**4/12 - 7*x**3/6 + 3*x**2. Calculate i(n).
5
Let s(l) = -2*l**2 - 60*l - 56. Let n be s(-29). Let b be 2*n*81/(-108). Let u(i) = i**2 + 3*i + 4. Give u(b).
4
Let f be 5/((-50)/(-20))*1. Let d(z) = 16*z - 28. Let i(q) = -6*q + 13. Let x(b) = f*d(b) + 5*i(b). Let g be (-1)/(-2) - (-34)/(-4). Give x(g).
-7
Let r(h) = -205 - 191 + 21*h + 610. Let p be r(-10). Let d(s) = 3*s - 12. Determine d(p).
0
Suppose -27*j = 19*j - 368. Suppose j*h + 30*h = 380. Let t(a) = -11*a**2 + 0*a**3 + 8 + 15*a + a**3 - 6*a. Give t(h).
-2
Let k be (-9)/2*34/(-3). Suppose -66*w + k*w + 45 = 0. Let n(i) = i**3 - 2*i**2 - 4*i + 1. Determine n(w).
-2
Let i be (-612)/(-28) - (-23)/161. Let g(a) = 9*a**2 - 197*a - 23. Give g(i).
-1
Let x(u) = -u**2 + 20*u - 92. Suppose -40 = -4*w - 4*h, h = 17*w - 6*w - 74. Give x(w).
-1
Let x(u) = u**3 + 6*u**2 + 22*u - 5. Let n(c) = 2*c**3 + 11*c**2 + 44*c - 11. Let a(l) = -4*n(l) + 9*x(l). Let b be a(